{"id":324,"date":"2022-05-09T15:01:04","date_gmt":"2022-05-09T13:01:04","guid":{"rendered":"https:\/\/www.mtmesto.sk\/?page_id=324"},"modified":"2024-01-23T12:58:32","modified_gmt":"2024-01-23T11:58:32","slug":"pohreb","status":"publish","type":"page","link":"https:\/\/www.mtmesto.sk\/?page_id=324","title":{"rendered":"Pohreb"},"content":{"rendered":"\n<p><strong>Ako postupova\u0165 pri nahl\u00e1sen\u00ed pohrebu:<\/strong><\/p>\n\n\n\n<ol><li>V prvom rade je potrebn\u00e9 kontaktova\u0165 ktor\u00fako\u013evek pohrebn\u00fa slu\u017ebu, kde nahl\u00e1site, \u017ee chcete ma\u0165 katol\u00edcky pohreb. Pohrebn\u00e1 slu\u017eba v\u00e1m poskytne v\u0161etky inform\u00e1cie, ktor\u00e9 sa t\u00fdkaj\u00fa pohrebu. Na z\u00e1klade <a rel=\"noreferrer noopener\" href=\"https:\/\/www.mtmesto.sk\/?page_id=226\" data-type=\"URL\" data-id=\"https:\/\/www.mtmesto.sk\/?page_id=226\" target=\"_blank\">trval\u00e9ho bydliska<\/a> zosnul\u00e9ho informuje pr\u00edslu\u0161n\u00fd farsk\u00fd \u00farad a dohodne term\u00edn pohrebu. <strong>Term\u00edn pohrebu (d\u00e1tum a \u010das) je z\u00e1v\u00e4zn\u00fd a\u017e po potvrden\u00ed farsk\u00fdm \u00faradom.<\/strong> <\/li><li>Potom je potrebn\u00e9 \u00eds\u0165 na matri\u010dn\u00fd \u00farad, kde V\u00e1m potvrdia <em>List o prehliadke m\u0155tveho<\/em> a vystavia <em>\u00damrtn\u00fd list<\/em>. <\/li><li>S k\u00f3piami t\u00fdchto dokumentov je potrebn\u00e9 pr\u00eds\u0165 v <a href=\"https:\/\/www.mtmesto.sk\/?page_id=192\" data-type=\"URL\" data-id=\"https:\/\/www.mtmesto.sk\/?page_id=192\" target=\"_blank\" rel=\"noreferrer noopener\">\u00faradn\u00fdch hodin\u00e1ch<\/a> na farsk\u00fd \u00farad, kde sa vyp\u00ed\u0161e z\u00e1znam o nahl\u00e1sen\u00ed pohrebu.<\/li><\/ol>\n\n\n\n<hr class=\"wp-block-separator\"\/>\n\n\n\n<p>Pohrebn\u00fa sv. om\u0161u v na\u0161ej farnosti spravidla sl\u00fa\u017eime v sobotu po pohrebe o 7.00 za v\u0161etk\u00fdch zosnul\u00fdch, ktor\u00fdch sme v danom t\u00fd\u017edni pochovali.&nbsp; <\/p>\n\n\n\n<hr class=\"wp-block-separator\"\/>\n\n\n\n<p class=\"has-text-align-center\"><strong>Kres\u0165anov sp\u00e1ja viera vo vzkriesenie tela a ve\u010dn\u00fd \u017eivot. Pohrebn\u00fd obrad pre n\u00e1s nie je definit\u00edvnou rozl\u00fa\u010dkou, ale \u010dasom intenz\u00edvnej modlitby za zosnul\u00e9ho. Okrem modlitby odpor\u00fa\u010dame sviatos\u0165 zmierenia(spove\u010f) a pln\u00fa \u00fa\u010das\u0165 na sv\u00e4tej om\u0161i (sv\u00e4t\u00e9 prij\u00edmanie).<\/strong><\/p>\n","protected":false},"excerpt":{"rendered":"<p>Ako postupova\u0165 pri nahl\u00e1sen\u00ed pohrebu: V prvom rade je potrebn\u00e9 kontaktova\u0165 ktor\u00fako\u013evek pohrebn\u00fa slu\u017ebu, kde nahl\u00e1site, \u017ee chcete ma\u0165 katol\u00edcky pohreb. Pohrebn\u00e1 slu\u017eba v\u00e1m poskytne v\u0161etky inform\u00e1cie, ktor\u00e9 sa t\u00fdkaj\u00fa&hellip;<\/p>\n","protected":false},"author":1,"featured_media":0,"parent":0,"menu_order":0,"comment_status":"closed","ping_status":"closed","template":"","meta":[],"_links":{"self":[{"href":"https:\/\/www.mtmesto.sk\/index.php?rest_route=\/wp\/v2\/pages\/324"}],"collection":[{"href":"https:\/\/www.mtmesto.sk\/index.php?rest_route=\/wp\/v2\/pages"}],"about":[{"href":"https:\/\/www.mtmesto.sk\/index.php?rest_route=\/wp\/v2\/types\/page"}],"author":[{"embeddable":true,"href":"https:\/\/www.mtmesto.sk\/index.php?rest_route=\/wp\/v2\/users\/1"}],"replies":[{"embeddable":true,"href":"https:\/\/www.mtmesto.sk\/index.php?rest_route=%2Fwp%2Fv2%2Fcomments&post=324"}],"version-history":[{"count":6,"href":"https:\/\/www.mtmesto.sk\/index.php?rest_route=\/wp\/v2\/pages\/324\/revisions"}],"predecessor-version":[{"id":1544,"href":"https:\/\/www.mtmesto.sk\/index.php?rest_route=\/wp\/v2\/pages\/324\/revisions\/1544"}],"wp:attachment":[{"href":"https:\/\/www.mtmesto.sk\/index.php?rest_route=%2Fwp%2Fv2%2Fmedia&parent=324"}],"curies":[{"name":"wp","href":"https:\/\/api.w.org\/{rel}","templated":true}]}}