{"id":1486,"date":"2024-01-13T17:07:45","date_gmt":"2024-01-13T16:07:45","guid":{"rendered":"https:\/\/www.mtmesto.sk\/?page_id=1486"},"modified":"2024-06-17T16:49:10","modified_gmt":"2024-06-17T14:49:10","slug":"kurz-pripravy-na-manzelstvo","status":"publish","type":"page","link":"https:\/\/www.mtmesto.sk\/?page_id=1486","title":{"rendered":"Kurz pr\u00edpravy na man\u017eelstvo v dekan\u00e1te Martin"},"content":{"rendered":"\n<ul><li><strong>Miesto:<\/strong>&nbsp;<ul><li>Katol\u00edcka Z\u0160 A. Bernol\u00e1ka v Martine (JM Centrum)<\/li><\/ul><\/li><\/ul>\n\n\n\n<ul><li><strong>Forma:<\/strong>&nbsp;<ul><li>v\u00edkendov\u00e9 kurzy bez ubytovania<ul><li>Kurzy prebiehaj\u00fa od piatku popoludnia do nedele podve\u010dera.&nbsp;Program v piatok za\u010d\u00edna o 16.00 a kon\u010d\u00ed o&nbsp;20.30. V sobotu a v nede\u013eu trv\u00e1 od 8.45 do 17.30 (s prest\u00e1vkou na obed). V\u0161etky \u010dasy s\u00fa orienta\u010dn\u00e9. Na konci kurzu dostan\u00fa v\u0161etci \u00fa\u010dastn\u00edci potvrdenie o absolvovan\u00ed kurzu.&nbsp;Podrobn\u00fd program a \u010fal\u0161ie inform\u00e1cie zasielame pred za\u010diatkom kurzu.<\/li><\/ul><\/li><\/ul><\/li><\/ul>\n\n\n\n<ul><li><strong>Pr\u00edspevok&nbsp;na kurz:<\/strong><ul><li>Pr\u00edspevok&nbsp;na kurz je 30\u20ac na osobu. V pr\u00edspevku je zahrnut\u00fd pren\u00e1jom priestorov, materi\u00e1ly, n\u00e1klady na lektorov a mal\u00e9 ob\u010derstvenie pre \u00fa\u010dastn\u00edkov. Pr\u00edspevok je potrebn\u00e9 odovzda\u0165 na mieste. V tomto kurze ubytovanie nepon\u00fakame.<\/li><\/ul><\/li><\/ul>\n\n\n\n<ul><li><strong>Term\u00edn:<\/strong><\/li><\/ul>\n\n\n\n<ul><li><strong>\u010co je potrebn\u00e9 so sebou na kurz prinies\u0165?<\/strong><ul><li>Na kurz je potrebn\u00e9 prinies\u0165 predov\u0161etk\u00fdm V\u00e1\u0161ho partnera. K absolvovaniu kurzu nie s\u00fa potrebn\u00e9 \u017eiadne dokumenty. Naopak, na kurze od n\u00e1s z\u00edskate potvrdenie o absolvovan\u00ed kurzu, ktor\u00e9 spolu s \u010fal\u0161\u00edmi potrebn\u00fdmi dokumentmi odovzd\u00e1te k\u0148azovi, ktor\u00fd V\u00e1s bude sob\u00e1\u0161i\u0165.<\/li><li><em>Odpovede na Va\u0161e \u010fal\u0161ie ot\u00e1zky n\u00e1jdete<\/em> <a href=\"https:\/\/www.mojakomunita.sk\/web\/do-manzelstva\/f.a.q.\" data-type=\"URL\" data-id=\"https:\/\/www.mojakomunita.sk\/web\/do-manzelstva\/f.a.q.\" target=\"_blank\" rel=\"noreferrer noopener\">TU<\/a>.<\/li><\/ul><\/li><\/ul>\n\n\n\n<p>Viac inform\u00e1cii na str\u00e1nke <a href=\"https:\/\/www.domanzelstva.sk\/\" data-type=\"URL\" data-id=\"https:\/\/www.domanzelstva.sk\/\" target=\"_blank\" rel=\"noreferrer noopener\">domanzelstva.sk<\/a><\/p>\n","protected":false},"excerpt":{"rendered":"<p>Miesto:&nbsp; Katol\u00edcka Z\u0160 A. Bernol\u00e1ka v Martine (JM Centrum) Forma:&nbsp; v\u00edkendov\u00e9 kurzy bez ubytovania Kurzy prebiehaj\u00fa od piatku popoludnia do nedele podve\u010dera.&nbsp;Program v piatok za\u010d\u00edna o 16.00 a kon\u010d\u00ed o&nbsp;20.30.&hellip;<\/p>\n","protected":false},"author":1,"featured_media":0,"parent":0,"menu_order":0,"comment_status":"closed","ping_status":"closed","template":"","meta":[],"_links":{"self":[{"href":"https:\/\/www.mtmesto.sk\/index.php?rest_route=\/wp\/v2\/pages\/1486"}],"collection":[{"href":"https:\/\/www.mtmesto.sk\/index.php?rest_route=\/wp\/v2\/pages"}],"about":[{"href":"https:\/\/www.mtmesto.sk\/index.php?rest_route=\/wp\/v2\/types\/page"}],"author":[{"embeddable":true,"href":"https:\/\/www.mtmesto.sk\/index.php?rest_route=\/wp\/v2\/users\/1"}],"replies":[{"embeddable":true,"href":"https:\/\/www.mtmesto.sk\/index.php?rest_route=%2Fwp%2Fv2%2Fcomments&post=1486"}],"version-history":[{"count":4,"href":"https:\/\/www.mtmesto.sk\/index.php?rest_route=\/wp\/v2\/pages\/1486\/revisions"}],"predecessor-version":[{"id":1832,"href":"https:\/\/www.mtmesto.sk\/index.php?rest_route=\/wp\/v2\/pages\/1486\/revisions\/1832"}],"wp:attachment":[{"href":"https:\/\/www.mtmesto.sk\/index.php?rest_route=%2Fwp%2Fv2%2Fmedia&parent=1486"}],"curies":[{"name":"wp","href":"https:\/\/api.w.org\/{rel}","templated":true}]}}